 = 0, 12331 = i - 2*k - 5606. Is i composite?
False
Suppose -2*n + 3*f = -105124, -51*n = -48*n - 5*f - 157685. Is n composite?
True
Suppose -1131*i + 1126*i = -v - 840958, -672737 = -4*i + 5*v. Is i prime?
True
Suppose 3*d - 6 = -3*l, 6*d = 5*l + d - 10. Suppose 0 = -3*f + r + 12, -3*f + 9 = -l*f - 2*r. Suppose -3*t + 2*t = -f, 3*m + 4*t - 771 = 0. Is m prime?
False
Let b = -322440 + 454441. Is b composite?
False
Let z(o) = 3*o**3 + o - 1. Let l be z(1). Suppose k + n = 1, 1 = -4*k - 3*n + 4. Suppose l*j + r - 1686 = k, -2*j - 2*j - 5*r = -2237. Is j a prime number?
True
Suppose 2*a + 0*a = -3*d - 62, -4*a = d + 134. Let m = a + 37. Suppose -163 - 92 = -3*b + m*i, -4*i - 170 = -2*b. Is b prime?
False
Suppose 4*y = -3*i + 391658, -y - 379*i = -384*i - 97949. Is y a composite number?
False
Is -5 - 7 - (-11 + -16448) composite?
False
Let l(v) be the first derivative of 17*v**2 - 33*v - 37. Let y be (-12)/18 + 59/3. Is l(y) a prime number?
True
Let w be (-12)/(-4) + 4 + -4. Is 198810/144 + w/8 a composite number?
False
Is 804589 + 150/10 + 3 a prime number?
True
Let k(z) = -2822*z + 751. Is k(-8) a prime number?
True
Let f(v) = -19*v + 93. Let o be f(-10). Suppose 6*q - 12635 = o. Is q a composite number?
False
Suppose 0 = -3*j + 3*d - 3, d - 3 = 1. Suppose 0 = j*p - 6*p + 86277. Is p prime?
True
Suppose 14*x + 5555 = 3*x. Let j = x + 1154. Is j a composite number?
True
Let v be 12656/(-6) - (-4)/(-6). Let d = v - -3239. Suppose -4*u + 6581 - d = 0. Is u composite?
True
Let j(c) = 75*c**2 - 14*c - 54. Let i be j(-14). Suppose 0 = -9*k + i + 13625. Is k composite?
False
Suppose 5*c - 2*s = 34, -3*c - s + 10 = -c. Let h = c - 3. Is (27/(-18))/(h/(-1594)) a composite number?
False
Is 52/(-143) + ((-4633496)/(-88) - -4) a prime number?
False
Suppose 0 = 34*k - 70 - 100. Suppose 3*q + 5*s - 18509 = 0, k*q + 59*s - 30835 = 54*s. Is q composite?
False
Suppose 1751835 = -2002*k + 2017*k. Is k a composite number?
False
Suppose -17*q + 36*q = 184*q - 1092795. Is q prime?
False
Suppose 64644 = 3*o + 565179. Is o/(-5) - (9 - 5) prime?
False
Is 0 + ((-3508841)/6)/(-7) + (-105)/126 prime?
False
Let t(s) = -68*s + 82. Let o be t(-24). Suppose -p + 5355 = -o. Is p a composite number?
False
Let q(j) = 2*j**2 - 22 + 17 - 2*j**3 - 9*j + 13*j. Let p be q(2). Let v(w) = -8*w**3 + 5*w**2 - w - 7. Is v(p) a prime number?
True
Suppose -a - 2*q = -540731, -540733 = -412*a + 411*a - 3*q. Is a composite?
True
Let w(h) = -h**3 + 23*h**2 - 22*h - 47. Let u(r) = 5*r**3 - 91*r**2 + 88*r + 187. Let f(v) = -2*u(v) - 9*w(v). Is f(-36) composite?
False
Is (-1)/(-9) + ((-2218638)/(-54) - 9) a prime number?
True
Let o = 105392 - 65893. Is o prime?
True
Let w(v) = -139*v - 247. Suppose 0*z + 4*z - 140 = 4*c, -4*c = 2*z + 134. Is w(c) composite?
True
Is 266*(-5665)/(-10) - 12 a prime number?
False
Suppose -l - 1682 = 2*x, 5*l - 5*x + 6987 = -1438. Let t = -807 - l. Is t a composite number?
False
Let h(g) = 1316*g**2 + 153*g + 4. Is h(-3) composite?
True
Suppose -17*r + 140590 = -15*r + 3*o, -4*r - 8*o = -281188. Is r prime?
True
Let i = 19878 - 9418. Suppose 10*r - 11850 = i. Is r prime?
False
Suppose -17*o = -117 - 19. Suppose -4*u + 12*p - o*p + 14368 = 0, 4*p + 10773 = 3*u. Is u a composite number?
True
Let z = -6 + 9. Let a = 174 - -95. Suppose y + z*j = -2*j + a, 2*y - 3*j - 538 = 0. Is y a composite number?
False
Let w(f) = 230*f**3 + 13*f + 25. Is w(14) composite?
True
Suppose 11*g - 76 = -32. Suppose -g*l - 17 = -349. Suppose 79*k - l*k + 892 = 0. Is k prime?
True
Let h = -67772 + 96121. Is h a prime number?
True
Let d = -742 - -9759. Suppose 3*v + 3*r = -v + 36163, -v + 4*r = -d. Is v a prime number?
False
Let v(g) = -g + 1. Let z(k) = 458*k - 4. Let t(s) = 4*v(s) + z(s). Let c be t(3). Is (20/30)/(1 + (-1360)/c) prime?
False
Suppose -3*d + 4*y = -25, 2*d - 21 = 4*y - 3. Suppose -10026 = d*q + 40206. Is 3/2*q/(-36) prime?
False
Suppose -16*l + 397029 = -18827. Let n = -5746 + l. Is n a prime number?
False
Suppose -16*j + 13*j + 393624 = -5*f, 4*j + 4*f - 524800 = 0. Is j a composite number?
False
Let v = -221801 - -359454. Is v a prime number?
True
Let j(k) = k + 1245. Let x be j(0). Let b be 12/(-132) + 46/22. Suppose -p - b*p = -x. Is p prime?
False
Let h be 11*(6 + 2) + (13 - 18). Suppose 0 = -h*g + 82*g + 2659. Is g prime?
True
Suppose -12 = 2*d + 4*v, -v + 7 = -2*d + 5*d. Suppose 854 - 194 = d*s. Suppose 3*k = 3*z + s, -293 = -7*k + 2*k - z. Is k a prime number?
False
Let g = -21 + 21. Suppose g = -5*d + 13 - 3. Suppose 0 = -3*z + 5*i + 536, 3*z - i = d*i + 546. Is z a composite number?
True
Suppose -15 = -5*d, 35*d - 38*d - 1317900 = -3*y. Is y a composite number?
False
Let p = 95329 + -193434. Is ((-28)/8)/(-7) + p/(-10) prime?
True
Suppose 0 = -11*y + 19*y - 160. Let s be 3/12 - 5/y. Is 10/40 + (6326/8 - s) a prime number?
False
Let m be (0 - 24)*-7*6/12. Let o be 192/m + (18/21)/(-3). Suppose w - 56 = 3*v, -v - 60 - 37 = -o*w. Is w a prime number?
True
Suppose 0 = -54*i + 1194065 + 7998193. Is i a prime number?
True
Is (-2731380)/40*(-10)/15 a composite number?
False
Let p = -24280 + 65927. Is p a composite number?
False
Let s = -21030 + 11747. Let l = 13388 + s. Is l a prime number?
False
Suppose 71*a - 669*a + 228933842 + 458832536 = 0. Is a a composite number?
True
Is ((-15082914)/(-1078))/((-2)/(-14)) prime?
False
Let q(y) = 12*y**2 + 18*y + 31. Let o(r) = 6*r**2 + 8*r + 15. Let c(n) = 9*o(n) - 4*q(n). Let z be 0/2 - 7 - -2. Is c(z) a composite number?
True
Suppose -3*p - 28*p = 0. Suppose -y - 4*s = -5325, p = -5*y + 8*s - 13*s + 26565. Is y prime?
True
Let b = -1511 - -1044. Let v = b - -1424. Suppose 0*q - 957 = -3*u - q, -4*q + v = 3*u. Is u a prime number?
False
Suppose 0 = -12*i + 15024 + 3480. Let s = i - -3719. Is s prime?
True
Let d(f) = -17*f**3 - 11*f**2 - 17*f + 11. Let r be d(-6). Suppose 2387 = 2*k - r. Let x = k - 1821. Is x prime?
False
Suppose 4*n + 20 = 6*n. Suppose n*h - 24674 = 23016. Is h composite?
True
Suppose 31 = n - 59. Let w = 141 - n. Is (w/2)/((-39)/(-182)) a composite number?
True
Let b(t) = t**3 - 3*t**2 - 4*t + 3. Let l be b(-4). Let v(d) = -12*d + 116. Let u be v(11). Let h = u - l. Is h composite?
True
Let w = -71479 + 134078. Is w a composite number?
True
Suppose -99 = 13*z - 47. Let t(a) be the third derivative of -11*a**6/40 - a**5/15 + a**3/2 + a**2. Is t(z) a prime number?
False
Let s be 1/(5/10 - 4/6). Let w be (-32248)/24 - (4/s)/(-2). Let y = w + 3105. Is y composite?
True
Suppose -2*x = -p - 3, 4*x - 3*p - 13 + 4 = 0. Suppose x = -q - 4*q - 10. Let s(r) = -128*r + 1. Is s(q) a prime number?
True
Suppose 0 = -77*w + 73*w. Suppose -5*x = 2*d - 0*d - 21829, 4*x - 5*d - 17450 = w. Suppose -3*h + 2697 - 89 = n, 2*n + x = 5*h. Is h composite?
True
Suppose 11*w = 17*w - 72. Suppose 0 = 9*y - w*y + 5403. Is y a composite number?
False
Suppose -5*b = -2*v - 880855, 3*b + 0*b + 4*v = 528539. Is b prime?
False
Suppose -303*u + 14968519 = -122*u. Is u a prime number?
True
Let l(y) = 33*y - 21. Let r be l(4). Suppose 1398 = -2*w + 4*j + 4632, -5*w + 2*j = -8125. Suppose r = -4*q + w. Is q prime?
True
Let o(v) = -1649*v + 611. Is o(-27) composite?
True
Suppose 2*u + 298 = -380. Let d = 67 - u. Is (d/4)/(11/22) a prime number?
False
Let w(r) = -r**3 - 61*r**2 + 52*r + 115. Let l be w(-45). Is (2 + l)*(160/(-30) - -5) prime?
False
Suppose 4*p - 2*c + 18414 = 0, p = -7*c + 3*c - 4590. Let k = -2891 - p. Is k prime?
False
Suppose -62*a + 322328 + 249750 - 64484 = 0. Is a composite?
True
Suppose 6*r + 939 = o + 2*r, 3756 = 4*o - r. Suppose -983 = 2*p - k, -254 = -2*p - 4*k - 1222. Let h = p + o. Is h prime?
True
Suppose -9*r + 3440655 = 15*r + 21*r. Is r prime?
False
Suppose 3*v - 20530 = v. Suppose 0 = 5*k - 5*s - 10721 + 491, -5*k + v = 2*s. Is k prime?
False
Let r(q) = 893*q - 133. Let w be ((-15)/(-10))/(-3 - 108/(-32)). Is r(w) prime?
False
Let g(f) = -3829*f**3 - 2*f**2 + 2. Let k = 138 + -139. Is g(k) prime?
False
Is 241673/8 - 21*11/1848 a composite number?
True
Is 39/((-2730)/(-5184850)) + (-4)/14 a prime number?
False
Suppose 13*i + 158 = 1952. Suppose -456 + i = -6*h. Is h a prime number?
True
Let l(x) = 110*x**3 - 5*x**2 - 23*x + 1. Is l(9) composite?
False
Let q(v) = -99*v - 7. Let x(r) = 33*r**2 + r. Let n be x(-1). Let 